{"id":37,"date":"2025-01-09T13:04:22","date_gmt":"2025-01-09T13:04:22","guid":{"rendered":"https:\/\/nowa.audio-com.eu\/?page_id=37"},"modified":"2025-01-12T10:20:49","modified_gmt":"2025-01-12T10:20:49","slug":"badania","status":"publish","type":"page","link":"https:\/\/nowa.audio-com.eu\/index.php\/badania\/","title":{"rendered":"Badania"},"content":{"rendered":"\n<div class=\"wp-block-columns is-layout-flex wp-container-core-columns-is-layout-9d6595d7 wp-block-columns-is-layout-flex\">\n<div class=\"wp-block-column is-layout-flow wp-block-column-is-layout-flow\">\n<figure class=\"wp-block-image size-large\"><img loading=\"lazy\" decoding=\"async\" width=\"1024\" height=\"768\" src=\"http:\/\/nowa.audio-com.eu\/wp-content\/uploads\/2025\/01\/gabinet-1024x768.jpeg\" alt=\"\" class=\"wp-image-38\" srcset=\"https:\/\/nowa.audio-com.eu\/wp-content\/uploads\/2025\/01\/gabinet-1024x768.jpeg 1024w, https:\/\/nowa.audio-com.eu\/wp-content\/uploads\/2025\/01\/gabinet-300x225.jpeg 300w, https:\/\/nowa.audio-com.eu\/wp-content\/uploads\/2025\/01\/gabinet-768x576.jpeg 768w, https:\/\/nowa.audio-com.eu\/wp-content\/uploads\/2025\/01\/gabinet.jpeg 1536w\" sizes=\"auto, (max-width: 1024px) 100vw, 1024px\" \/><\/figure>\n<\/div>\n\n\n\n<div class=\"wp-block-column is-layout-flow wp-block-column-is-layout-flow\">\n<p><strong>Pracujemy na wysokiej klasy sprz\u0119cie specjalistycznym, oraz posiadamy profesjonaln\u0105 kabin\u0119 audiometryczn\u0105. Odpowiednie badania pomog\u0105 nam okre\u015bli\u0107 z jakim rodzajem ubytku s\u0142uchu mamy do czynienia i jakie rozwi\u0105zania wybra\u0107. Wyniki bada\u0144 zawsze omawiamy i okre\u015blamy profil s\u0142uchowy. Czasami niezb\u0119dne jest leczenie farmakologiczne lub operacyjne. Najcz\u0119\u015bciej jednak potrzebny jest odpowiednio dobrany aparat s\u0142uchowy<\/strong>.<\/p>\n<\/div>\n<\/div>\n\n\n\n<div class=\"wp-block-columns is-layout-flex wp-container-core-columns-is-layout-9d6595d7 wp-block-columns-is-layout-flex\">\n<div class=\"wp-block-column is-layout-flow wp-block-column-is-layout-flow\">\n<p class=\"has-text-align-right\"><strong><span style=\"text-decoration: underline;\">Audiometria tonalna<\/span><\/strong><\/p>\n\n\n\n<p>To podstawowe badanie s\u0142uchu polega na okre\u015bleniu krzywej przewodnictwa powietrznego i kostnego. Rezultaty przedstawiane s\u0105 w formie audiogramu.<\/p>\n<\/div>\n\n\n\n<div class=\"wp-block-column is-layout-flow wp-block-column-is-layout-flow\">\n<figure class=\"wp-block-image size-full\"><img loading=\"lazy\" decoding=\"async\" width=\"768\" height=\"512\" src=\"http:\/\/nowa.audio-com.eu\/wp-content\/uploads\/2025\/01\/badanie2.jpeg\" alt=\"\" class=\"wp-image-39\" srcset=\"https:\/\/nowa.audio-com.eu\/wp-content\/uploads\/2025\/01\/badanie2.jpeg 768w, https:\/\/nowa.audio-com.eu\/wp-content\/uploads\/2025\/01\/badanie2-300x200.jpeg 300w, https:\/\/nowa.audio-com.eu\/wp-content\/uploads\/2025\/01\/badanie2-360x240.jpeg 360w\" sizes=\"auto, (max-width: 768px) 100vw, 768px\" \/><\/figure>\n<\/div>\n<\/div>\n\n\n\n<div class=\"wp-block-columns is-layout-flex wp-container-core-columns-is-layout-9d6595d7 wp-block-columns-is-layout-flex\">\n<div class=\"wp-block-column is-layout-flow wp-block-column-is-layout-flow\">\n<figure class=\"wp-block-image size-full\"><img loading=\"lazy\" decoding=\"async\" width=\"768\" height=\"512\" src=\"http:\/\/nowa.audio-com.eu\/wp-content\/uploads\/2025\/01\/sala.jpg\" alt=\"\" class=\"wp-image-40\" srcset=\"https:\/\/nowa.audio-com.eu\/wp-content\/uploads\/2025\/01\/sala.jpg 768w, https:\/\/nowa.audio-com.eu\/wp-content\/uploads\/2025\/01\/sala-300x200.jpg 300w, https:\/\/nowa.audio-com.eu\/wp-content\/uploads\/2025\/01\/sala-360x240.jpg 360w\" sizes=\"auto, (max-width: 768px) 100vw, 768px\" \/><\/figure>\n<\/div>\n\n\n\n<div class=\"wp-block-column is-layout-flow wp-block-column-is-layout-flow\">\n<p class=\"has-text-align-left\"><strong><span style=\"text-decoration: underline;\">Audiometria mowy<\/span><\/strong><\/p>\n\n\n\n<p>Jest to badanie zdolno\u015bci rozumienia mowy za pomoc\u0105 test\u00f3w liczbowych i s\u0142ownych. Wynik w postaci procentowej.<\/p>\n<\/div>\n<\/div>\n\n\n\n<div class=\"wp-block-columns is-layout-flex wp-container-core-columns-is-layout-9d6595d7 wp-block-columns-is-layout-flex\">\n<div class=\"wp-block-column is-layout-flow wp-block-column-is-layout-flow\">\n<p class=\"has-text-align-right\"><strong><span style=\"text-decoration: underline;\">Audiometria impedancyjna<\/span><\/strong><\/p>\n\n\n\n<p>To badanie sk\u0142adaj\u0105ce si\u0119 z tympanometrii i odruch\u00f3w strzemi\u0105czkowych.&nbsp; Pozwala oceni\u0107 stan ucha \u015brodkowego. Wynik otrzymujemy w postaci krzywych tympanometrycznych. Odruch strzemi\u0105czkowy wyst\u0119puje przy prawid\u0142owym s\u0142uchu 70-90dB powy\u017cej progu s\u0142yszenia.<\/p>\n\n\n\n<p><\/p>\n\n\n\n<p><\/p>\n<\/div>\n\n\n\n<div class=\"wp-block-column is-layout-flow wp-block-column-is-layout-flow\">\n<figure class=\"wp-block-image size-full\"><img loading=\"lazy\" decoding=\"async\" width=\"768\" height=\"661\" src=\"http:\/\/nowa.audio-com.eu\/wp-content\/uploads\/2025\/01\/Audiometria-impedancyjna.jpeg\" alt=\"\" class=\"wp-image-41\" srcset=\"https:\/\/nowa.audio-com.eu\/wp-content\/uploads\/2025\/01\/Audiometria-impedancyjna.jpeg 768w, https:\/\/nowa.audio-com.eu\/wp-content\/uploads\/2025\/01\/Audiometria-impedancyjna-300x258.jpeg 300w\" sizes=\"auto, (max-width: 768px) 100vw, 768px\" \/><\/figure>\n<\/div>\n<\/div>\n\n\n\n<div class=\"wp-block-columns is-layout-flex wp-container-core-columns-is-layout-9d6595d7 wp-block-columns-is-layout-flex\">\n<div class=\"wp-block-column is-layout-flow wp-block-column-is-layout-flow\">\n<figure class=\"wp-block-image size-full is-resized\"><img loading=\"lazy\" decoding=\"async\" width=\"300\" height=\"200\" src=\"http:\/\/nowa.audio-com.eu\/wp-content\/uploads\/2025\/01\/rem.jpg\" alt=\"\" class=\"wp-image-42\" style=\"width:406px;height:auto\"\/><\/figure>\n<\/div>\n\n\n\n<div class=\"wp-block-column is-layout-flow wp-block-column-is-layout-flow\">\n<p><span style=\"text-decoration: underline;\"><strong>Pomoary REM<\/strong><\/span><\/p>\n\n\n\n<p>pomiar w uchu pacjenta, kt\u00f3ry uwzgl\u0119dnia kszta\u0142t i wielko\u015b\u0107 przewodu s\u0142uchowego. Wyniki pomiar\u00f3w REM\u00a0 pozwalaj\u0105 na indywidualne dopasowanie aparatu s\u0142uchowego i precyzyjne ustawienie niekt\u00f3rych cz\u0119stotliwo\u015bci a przez to osi\u0105gni\u0119cie lepszego zrozumienia mowy i brzmienia aparatu<\/p>\n<\/div>\n<\/div>\n\n\n\n<div class=\"wp-block-columns is-layout-flex wp-container-core-columns-is-layout-9d6595d7 wp-block-columns-is-layout-flex\">\n<div class=\"wp-block-column is-layout-flow wp-block-column-is-layout-flow\">\n<p class=\"has-text-align-right\"><strong><span style=\"text-decoration: underline;\">Videootoskopia<\/span><\/strong><\/p>\n\n\n\n<p class=\"has-text-align-left\">Badanie polegaj\u0105ce na wprowadzeniu otoskopu z kamer\u0105 do przewodu s\u0142uchowego zewn\u0119trznego i ocenie stanu b\u0142ony b\u0119b\u0119kowej oraz przewodu s\u0142uchowego. Wynik w postaci zdj\u0119cia.<\/p>\n\n\n\n<p><\/p>\n<\/div>\n\n\n\n<div class=\"wp-block-column is-layout-flow wp-block-column-is-layout-flow\">\n<figure class=\"wp-block-image size-full is-resized\"><img loading=\"lazy\" decoding=\"async\" width=\"300\" height=\"200\" src=\"http:\/\/nowa.audio-com.eu\/wp-content\/uploads\/2025\/01\/video.jpeg\" alt=\"\" class=\"wp-image-43\" style=\"width:406px;height:auto\"\/><\/figure>\n<\/div>\n<\/div>\n\n\n\n<p>.<\/p>\n\n\n\n<p class=\"has-text-align-right\"><strong><span style=\"text-decoration: underline;\">UCL<\/span><\/strong><\/p>\n\n\n\n<p class=\"has-text-align-right\">To to badanie progu dyskomfortu, potrzebne u os\u00f3b wra\u017cliwych na g\u0142o\u015bne d\u017awi\u0119ki.<\/p>\n\n\n\n<figure class=\"wp-block-image size-large\"><img loading=\"lazy\" decoding=\"async\" width=\"1024\" height=\"442\" src=\"http:\/\/nowa.audio-com.eu\/wp-content\/uploads\/2025\/01\/signia-1024x442.png\" alt=\"\" class=\"wp-image-35\" srcset=\"https:\/\/nowa.audio-com.eu\/wp-content\/uploads\/2025\/01\/signia-1024x442.png 1024w, https:\/\/nowa.audio-com.eu\/wp-content\/uploads\/2025\/01\/signia-300x130.png 300w, https:\/\/nowa.audio-com.eu\/wp-content\/uploads\/2025\/01\/signia-768x332.png 768w, https:\/\/nowa.audio-com.eu\/wp-content\/uploads\/2025\/01\/signia.png 1458w\" sizes=\"auto, (max-width: 1024px) 100vw, 1024px\" \/><\/figure>\n","protected":false},"excerpt":{"rendered":"<p>Pracujemy na wysokiej klasy sprz\u0119cie specjalistycznym, oraz posiadamy profesjonaln\u0105 kabin\u0119 audiometryczn\u0105. Odpowiednie badania pomog\u0105 nam okre\u015bli\u0107 z jakim rodzajem ubytku s\u0142uchu mamy do czynienia i jakie rozwi\u0105zania wybra\u0107. Wyniki bada\u0144 zawsze omawiamy i okre\u015blamy profil s\u0142uchowy. Czasami niezb\u0119dne jest leczenie farmakologiczne lub operacyjne. Najcz\u0119\u015bciej jednak potrzebny jest odpowiednio dobrany aparat s\u0142uchowy. Audiometria tonalna To podstawowe [&hellip;]<\/p>\n","protected":false},"author":1,"featured_media":0,"parent":0,"menu_order":0,"comment_status":"closed","ping_status":"closed","template":"","meta":{"footnotes":""},"class_list":["post-37","page","type-page","status-publish","hentry","entry"],"_links":{"self":[{"href":"https:\/\/nowa.audio-com.eu\/index.php\/wp-json\/wp\/v2\/pages\/37","targetHints":{"allow":["GET"]}}],"collection":[{"href":"https:\/\/nowa.audio-com.eu\/index.php\/wp-json\/wp\/v2\/pages"}],"about":[{"href":"https:\/\/nowa.audio-com.eu\/index.php\/wp-json\/wp\/v2\/types\/page"}],"author":[{"embeddable":true,"href":"https:\/\/nowa.audio-com.eu\/index.php\/wp-json\/wp\/v2\/users\/1"}],"replies":[{"embeddable":true,"href":"https:\/\/nowa.audio-com.eu\/index.php\/wp-json\/wp\/v2\/comments?post=37"}],"version-history":[{"count":3,"href":"https:\/\/nowa.audio-com.eu\/index.php\/wp-json\/wp\/v2\/pages\/37\/revisions"}],"predecessor-version":[{"id":163,"href":"https:\/\/nowa.audio-com.eu\/index.php\/wp-json\/wp\/v2\/pages\/37\/revisions\/163"}],"wp:attachment":[{"href":"https:\/\/nowa.audio-com.eu\/index.php\/wp-json\/wp\/v2\/media?parent=37"}],"curies":[{"name":"wp","href":"https:\/\/api.w.org\/{rel}","templated":true}]}}