{"id":127,"date":"2025-01-09T17:18:00","date_gmt":"2025-01-09T17:18:00","guid":{"rendered":"https:\/\/nowa.audio-com.eu\/?page_id=127"},"modified":"2025-01-12T10:11:40","modified_gmt":"2025-01-12T10:11:40","slug":"kontakt","status":"publish","type":"page","link":"https:\/\/nowa.audio-com.eu\/index.php\/kontakt\/","title":{"rendered":"Kontakt"},"content":{"rendered":"\n<div class=\"wp-block-group alignfull has-background-background-color has-background\" style=\"border-top-color:var(--wp--preset--color--foreground);border-top-width:1px;margin-top:0;margin-bottom:0;padding-top:0;padding-right:0;padding-bottom:0;padding-left:0\"><div class=\"wp-block-group__inner-container is-layout-constrained wp-container-core-group-is-layout-bf943722 wp-block-group-is-layout-constrained\">\n<div class=\"wp-block-columns alignwide are-vertically-aligned-center is-layout-flex wp-container-core-columns-is-layout-27d3582e wp-block-columns-is-layout-flex\">\n<div class=\"wp-block-column is-layout-flow wp-block-column-is-layout-flow\" style=\"border-right-width:1px;padding-top:var(--wp--preset--spacing--50);padding-right:var(--wp--preset--spacing--30);padding-bottom:var(--wp--preset--spacing--50);padding-left:var(--wp--preset--spacing--30)\">\n<div class=\"wp-block-group alignfull is-content-justification-left\" style=\"padding-right:0;padding-left:0\"><div class=\"wp-block-group__inner-container is-layout-constrained wp-container-core-group-is-layout-a56b168a wp-block-group-is-layout-constrained\">\n<h2 class=\"wp-block-heading has-text-align-right\">AUDIO-COM<br>Tatiana Janos<\/h2>\n\n\n\n<p class=\"has-text-align-right\" style=\"margin-top:16px\">ul.Pozna\u0144ska 26<br>(wej\u015bcie od ul.\u015awi\u0119tego Ducha)<br>63-300 Pleszew<\/p>\n\n\n\n<p class=\"has-text-align-right\">tel. +48 62 742 76 79<\/p>\n\n\n\n<p class=\"has-text-align-right\"><strong>e-mail: aparaty@audio-com.eu<\/strong><\/p>\n<\/div><\/div>\n<\/div>\n\n\n\n<div class=\"wp-block-column is-layout-flow wp-block-column-is-layout-flow\" style=\"padding-top:var(--wp--preset--spacing--50);padding-right:var(--wp--preset--spacing--30);padding-bottom:var(--wp--preset--spacing--50);padding-left:var(--wp--preset--spacing--30)\">\n<p class=\"has-small-font-size\" style=\"margin-top:8px\"><\/p>\n\n\n\n<figure class=\"wp-block-image size-large\"><img loading=\"lazy\" decoding=\"async\" width=\"1024\" height=\"768\" src=\"http:\/\/nowa.audio-com.eu\/wp-content\/uploads\/2025\/01\/budynek-1024x768.jpeg\" alt=\"\" class=\"wp-image-55\" srcset=\"https:\/\/nowa.audio-com.eu\/wp-content\/uploads\/2025\/01\/budynek-1024x768.jpeg 1024w, https:\/\/nowa.audio-com.eu\/wp-content\/uploads\/2025\/01\/budynek-300x225.jpeg 300w, https:\/\/nowa.audio-com.eu\/wp-content\/uploads\/2025\/01\/budynek-768x576.jpeg 768w, https:\/\/nowa.audio-com.eu\/wp-content\/uploads\/2025\/01\/budynek-1536x1152.jpeg 1536w, https:\/\/nowa.audio-com.eu\/wp-content\/uploads\/2025\/01\/budynek.jpeg 1600w\" sizes=\"auto, (max-width: 1024px) 100vw, 1024px\" \/><\/figure>\n<\/div>\n<\/div>\n<\/div><\/div>\n\n\n\n<iframe \n  src=\"https:\/\/www.google.com\/maps\/embed?pb=!1m18!1m12!1m3!1d2432.935604904115!2d17.781015277423605!3d51.896794!2m3!1f0!2f0!3f0!3m2!1i1024!2i768!4f13.1!3m3!1m2!1s0x471b8305ef791bc9%3A0x0!2zNTEuODk2Nzk0LCAxNy43ODMxMDQ!5e0!3m2!1spl!2spl!4v1700000000000!5m2!1spl!2spl\" \n  width=\"600\" \n  height=\"450\" \n  style=\"border:0;\" \n  allowfullscreen=\"\" \n  loading=\"lazy\" \n  referrerpolicy=\"no-referrer-when-downgrade\">\n<\/iframe>\n\n\n\n<p><\/p>\n","protected":false},"excerpt":{"rendered":"<p>AUDIO-COMTatiana Janos ul.Pozna\u0144ska 26(wej\u015bcie od ul.\u015awi\u0119tego Ducha)63-300 Pleszew tel. +48 62 742 76 79 e-mail: aparaty@audio-com.eu<\/p>\n","protected":false},"author":1,"featured_media":0,"parent":0,"menu_order":0,"comment_status":"closed","ping_status":"closed","template":"","meta":{"footnotes":""},"class_list":["post-127","page","type-page","status-publish","hentry","entry"],"_links":{"self":[{"href":"https:\/\/nowa.audio-com.eu\/index.php\/wp-json\/wp\/v2\/pages\/127","targetHints":{"allow":["GET"]}}],"collection":[{"href":"https:\/\/nowa.audio-com.eu\/index.php\/wp-json\/wp\/v2\/pages"}],"about":[{"href":"https:\/\/nowa.audio-com.eu\/index.php\/wp-json\/wp\/v2\/types\/page"}],"author":[{"embeddable":true,"href":"https:\/\/nowa.audio-com.eu\/index.php\/wp-json\/wp\/v2\/users\/1"}],"replies":[{"embeddable":true,"href":"https:\/\/nowa.audio-com.eu\/index.php\/wp-json\/wp\/v2\/comments?post=127"}],"version-history":[{"count":7,"href":"https:\/\/nowa.audio-com.eu\/index.php\/wp-json\/wp\/v2\/pages\/127\/revisions"}],"predecessor-version":[{"id":161,"href":"https:\/\/nowa.audio-com.eu\/index.php\/wp-json\/wp\/v2\/pages\/127\/revisions\/161"}],"wp:attachment":[{"href":"https:\/\/nowa.audio-com.eu\/index.php\/wp-json\/wp\/v2\/media?parent=127"}],"curies":[{"name":"wp","href":"https:\/\/api.w.org\/{rel}","templated":true}]}}